{"id":3,"date":"2025-10-07T11:20:06","date_gmt":"2025-10-07T11:20:06","guid":{"rendered":"https:\/\/wordpress-neu.mbehaustechnik.at\/?page_id=3"},"modified":"2025-11-03T11:47:00","modified_gmt":"2025-11-03T11:47:00","slug":"privacy-policy","status":"publish","type":"page","link":"https:\/\/wordpress-neu.mbehaustechnik.at\/?page_id=3","title":{"rendered":"Datenschutzerkl\u00e4rung"},"content":{"rendered":"\n<h2 class=\"wp-block-heading\">Einwilligung gem\u00e4\u00df Datenschutz Grundverordnung<\/h2>\n\n\n\n<p>Ich willige gem\u00e4\u00df \u00a7 6 DSGVO ausdr\u00fccklich und freiwillig ein, dass meine personenbezogenen<\/p>\n\n\n\n<p>Daten, konkret Vorname, Zuname, Titel, Anrede, Wohnadresse, Baustellenadresse,<\/p>\n\n\n\n<p>Rechnungsadresse, Telefonnummer, Mobiltelefonnummer, E-Mail-Adresse, Geburtsdatum,<\/p>\n\n\n\n<p>sowie Baustellen Fotos<\/p>\n\n\n\n<p>durch die Firma:<\/p>\n\n\n\n<p><strong>M.B.E. Haustechnik GmbH, 1150 Wien, Weiglgasse 8\/ Block B\/ R03<\/strong><\/p>\n\n\n\n<p>zum Zweck der Angebotserstellung, Auftragsbearbeitung, Rechnungslegung und Dokumentation<\/p>\n\n\n\n<p>&nbsp; verarbeitet und gespeichert werden. Die Aufbewahrungsfrist f\u00fcr die Speicherung der Daten betr\u00e4gt &nbsp;<\/p>\n\n\n\n<p>&nbsp; gem\u00e4\u00df \u00a7 132, Abs 1&nbsp;BAO 7 bis 10 Jahre. F\u00fcr eine allf\u00e4llige Beweispflicht im Rahmen von<\/p>\n\n\n\n<p>&nbsp; Schadenersatzanspr\u00fcchen werden die Daten bis zu 30 Jahre gespeichert. Die o.a. Daten werden zum &nbsp;&nbsp;<\/p>\n\n\n\n<p>&nbsp; Zweck der Buchhaltung auch an den von uns beauftragten Buchhalter\/Steuerberater &nbsp;weitergeleitet.<\/p>\n\n\n\n<ul class=\"wp-block-list\">\n<li>zum Zweck der Auftragsabwicklung an den von uns beauftragten Mitarbeiter\/Lieferanten bzw. die<\/li>\n\n\n\n<li>von uns beauftragte Subfirma weitergeleitet werden<\/li>\n\n\n\n<li>zum Zweck der Erinnerung f\u00fcr allf\u00e4llige Servicearbeiten verwendet werden.<\/li>\n\n\n\n<li>zum Zweck der Zusendung von Newslettern per Mail verwendet werden.<\/li>\n\n\n\n<li>zum Zweck der Zusendung von Werbe Informationen postalisch und per Mail verwendet werden.<\/li>\n\n\n\n<li>zum Zweck der Einladung zu Veranstaltungen postalisch und per Mail verwendet werden.<\/li>\n\n\n\n<li>zum Zweck der Zusendung von Weihnachtsgr\u00fc\u00dfen postalisch und per Mail verwendet werden<\/li>\n\n\n\n<li>zum Zweck von Telefon Anrufen gem\u00e4\u00df \u00a7 107 TKG (Anrufe und E-Mails zu Werbezwecken) verwendet werden.<\/li>\n<\/ul>\n\n\n\n<p>Zur gesch\u00e4ftlichen Kommunikation werden E-Mails und SMS in unverschl\u00fcsselter Form verwendet.<\/p>\n\n\n\n<p>Ich stimme ausdr\u00fccklich einer Speicherung meiner personenbezogenen Daten auf Mobiltelefonen sowie der Verwendung von Whatsapp zu.<\/p>\n\n\n\n<p>Ich kann diese Einwilligung jederzeit widerrufen, bzw. die Einschr\u00e4nkung der Verarbeitung meiner Daten verlangen. Dazu reicht ein formloses Mail an die Adresse <strong>office@mbehaustechnik.at<\/strong><\/p>\n","protected":false},"excerpt":{"rendered":"<p>Einwilligung gem\u00e4\u00df Datenschutz Grundverordnung Ich willige gem\u00e4\u00df \u00a7 6 DSGVO ausdr\u00fccklich und freiwillig ein, dass meine personenbezogenen Daten, konkret Vorname, Zuname, Titel, Anrede, Wohnadresse, Baustellenadresse, Rechnungsadresse, Telefonnummer, Mobiltelefonnummer, E-Mail-Adresse, Geburtsdatum, sowie Baustellen Fotos durch die Firma: M.B.E. Haustechnik GmbH, 1150 Wien, Weiglgasse 8\/ Block B\/ R03 zum Zweck der Angebotserstellung, Auftragsbearbeitung, Rechnungslegung und Dokumentation &nbsp; [&hellip;]<\/p>\n","protected":false},"author":1,"featured_media":0,"parent":0,"menu_order":0,"comment_status":"closed","ping_status":"open","template":"","meta":{"footnotes":""},"class_list":["post-3","page","type-page","status-publish","hentry"],"_links":{"self":[{"href":"https:\/\/wordpress-neu.mbehaustechnik.at\/index.php?rest_route=\/wp\/v2\/pages\/3","targetHints":{"allow":["GET"]}}],"collection":[{"href":"https:\/\/wordpress-neu.mbehaustechnik.at\/index.php?rest_route=\/wp\/v2\/pages"}],"about":[{"href":"https:\/\/wordpress-neu.mbehaustechnik.at\/index.php?rest_route=\/wp\/v2\/types\/page"}],"author":[{"embeddable":true,"href":"https:\/\/wordpress-neu.mbehaustechnik.at\/index.php?rest_route=\/wp\/v2\/users\/1"}],"replies":[{"embeddable":true,"href":"https:\/\/wordpress-neu.mbehaustechnik.at\/index.php?rest_route=%2Fwp%2Fv2%2Fcomments&post=3"}],"version-history":[{"count":1,"href":"https:\/\/wordpress-neu.mbehaustechnik.at\/index.php?rest_route=\/wp\/v2\/pages\/3\/revisions"}],"predecessor-version":[{"id":12,"href":"https:\/\/wordpress-neu.mbehaustechnik.at\/index.php?rest_route=\/wp\/v2\/pages\/3\/revisions\/12"}],"wp:attachment":[{"href":"https:\/\/wordpress-neu.mbehaustechnik.at\/index.php?rest_route=%2Fwp%2Fv2%2Fmedia&parent=3"}],"curies":[{"name":"wp","href":"https:\/\/api.w.org\/{rel}","templated":true}]}}